{"id":854,"date":"2025-07-02T13:17:26","date_gmt":"2025-07-02T11:17:26","guid":{"rendered":"https:\/\/wokamid.pl\/?page_id=854"},"modified":"2025-07-02T17:16:12","modified_gmt":"2025-07-02T15:16:12","slug":"informacje-o-projekcie","status":"publish","type":"page","link":"https:\/\/wokamid.pl\/?page_id=854","title":{"rendered":"Program Rozwoju Obszar\u00f3w Wiejskich na lata 2014-2020."},"content":{"rendered":"\n<figure class=\"wp-block-image size-full\"><img fetchpriority=\"high\" decoding=\"async\" width=\"885\" height=\"216\" src=\"https:\/\/wokamid.pl\/wp-content\/uploads\/2025\/07\/image.png\" alt=\"\" class=\"wp-image-863\" srcset=\"https:\/\/wokamid.pl\/wp-content\/uploads\/2025\/07\/image.png 885w, https:\/\/wokamid.pl\/wp-content\/uploads\/2025\/07\/image-300x73.png 300w, https:\/\/wokamid.pl\/wp-content\/uploads\/2025\/07\/image-768x187.png 768w\" sizes=\"(max-width: 885px) 100vw, 885px\" \/><\/figure>\n\n\n\n<p>Informacje o projekcie:<br><br>Program Rozwoju Obszar\u00f3w Wiejskich na lata 2014-2020.<br>Operacja typu \u201eGospodarka wodno-\u015bciekowa\u201d.<br>Poddzia\u0142anie: \u201eWsparcie inwestycji zwi\u0105zanych z tworzeniem, ulepszaniem lub rozbudow\u0105 wszystkich<br>rodzaj\u00f3w ma\u0142ej infrastruktury, w tym inwestycji w energi\u0119 odnawialn\u0105 i w oszcz\u0119dzanie energii\u201d<br>Ca\u0142kowity koszt projektu: 1 175 880,00 z\u0142 Warto\u015b\u0107 dofinansowania: 813 450,00 z\u0142<br>Cel zam\u00f3wienia\u00a0<br>Celem zam\u00f3wienia jest poprawa dost\u0119pu do infrastruktury wodno-\u015bciekowej\u00a0 oraz wzrost jako\u015bci gospodarki wodno-\u015bciekowej w Gminie Przytoczna na obszarze poza aglomeracj\u0105 poprzez\u00a0<br>\u2022 Budow\u0119 odcinka kanalizacji o d\u0142ugo\u015bci 100 m oraz odcinka wodoci\u0105gu o d\u0142ugo\u015bci 100 m w miejscowo\u015bci Lubikowo,<br>\u2022 Budow\u0119 3 uj\u0119\u0107 wody w miejscowo\u015bciach: Lubik\u00f3wko, Rokitno, Che\u0142msko.<br>Inwestycja jest wsp\u00f3\u0142finansowana ze \u015brodk\u00f3w Europejskiego Funduszu Rolnego na rzecz Rozwoju Obszar\u00f3w Wiejskich w ramach Programu Rozwoju Obszar\u00f3w Wiejskich na lata 2014 \u2013 2020.<br>Sp\u00f3\u0142ka na realizacj\u0119 tego zadania otrzyma\u0142a tak\u017ce po\u017cyczk\u0119 w kwocie 958 170,00 z\u0142 z\u00a0 Wojew\u00f3dzkiego Funduszu Ochrony \u015arodowiska i Gospodarki Wodnej w Zielonej G\u00f3rze<br>\u00a0<br><\/p>\n","protected":false},"excerpt":{"rendered":"<p>Informacje o projekcie: Program Rozwoju Obszar\u00f3w Wiejskich na lata 2014-2020.Operacja typu \u201eGospodarka wodno-\u015bciekowa\u201d.Poddzia\u0142anie: \u201eWsparcie inwestycji zwi\u0105zanych z tworzeniem, ulepszaniem lub rozbudow\u0105 wszystkichrodzaj\u00f3w ma\u0142ej infrastruktury, w tym inwestycji w energi\u0119 odnawialn\u0105 i w oszcz\u0119dzanie energii\u201dCa\u0142kowity koszt projektu: 1 175 880,00 z\u0142 Warto\u015b\u0107 dofinansowania: 813 450,00 z\u0142Cel zam\u00f3wienia\u00a0Celem zam\u00f3wienia jest poprawa dost\u0119pu do infrastruktury wodno-\u015bciekowej\u00a0 oraz wzrost [&hellip;]<\/p>\n","protected":false},"author":1,"featured_media":0,"parent":0,"menu_order":0,"comment_status":"closed","ping_status":"closed","template":"","meta":{"footnotes":""},"class_list":["post-854","page","type-page","status-publish","hentry"],"yoast_head":"<!-- This site is optimized with the Yoast SEO plugin v23.7 - https:\/\/yoast.com\/wordpress\/plugins\/seo\/ -->\n<title>Program Rozwoju Obszar\u00f3w Wiejskich na lata 2014-2020. - Wokamid Sp. z o. o.<\/title>\n<meta name=\"robots\" content=\"index, follow, max-snippet:-1, max-image-preview:large, max-video-preview:-1\" \/>\n<link rel=\"canonical\" href=\"https:\/\/wokamid.pl\/?page_id=854\" \/>\n<meta property=\"og:locale\" content=\"pl_PL\" \/>\n<meta property=\"og:type\" content=\"article\" \/>\n<meta property=\"og:title\" content=\"Program Rozwoju Obszar\u00f3w Wiejskich na lata 2014-2020. - Wokamid Sp. z o. o.\" \/>\n<meta property=\"og:description\" content=\"Informacje o projekcie: Program Rozwoju Obszar\u00f3w Wiejskich na lata 2014-2020.Operacja typu \u201eGospodarka wodno-\u015bciekowa\u201d.Poddzia\u0142anie: \u201eWsparcie inwestycji zwi\u0105zanych z tworzeniem, ulepszaniem lub rozbudow\u0105 wszystkichrodzaj\u00f3w ma\u0142ej infrastruktury, w tym inwestycji w energi\u0119 odnawialn\u0105 i w oszcz\u0119dzanie energii\u201dCa\u0142kowity koszt projektu: 1 175 880,00 z\u0142 Warto\u015b\u0107 dofinansowania: 813 450,00 z\u0142Cel zam\u00f3wienia\u00a0Celem zam\u00f3wienia jest poprawa dost\u0119pu do infrastruktury wodno-\u015bciekowej\u00a0 oraz wzrost [&hellip;]\" \/>\n<meta property=\"og:url\" content=\"https:\/\/wokamid.pl\/?page_id=854\" \/>\n<meta property=\"og:site_name\" content=\"Wokamid Sp. z o. o.\" \/>\n<meta property=\"article:modified_time\" content=\"2025-07-02T15:16:12+00:00\" \/>\n<meta property=\"og:image\" content=\"https:\/\/wokamid.pl\/wp-content\/uploads\/2025\/07\/image.png\" \/>\n\t<meta property=\"og:image:width\" content=\"885\" \/>\n\t<meta property=\"og:image:height\" content=\"216\" \/>\n\t<meta property=\"og:image:type\" content=\"image\/png\" \/>\n<meta name=\"twitter:card\" content=\"summary_large_image\" \/>\n<meta name=\"twitter:label1\" content=\"Szacowany czas czytania\" \/>\n\t<meta name=\"twitter:data1\" content=\"2 minuty\" \/>\n<script type=\"application\/ld+json\" class=\"yoast-schema-graph\">{\"@context\":\"https:\/\/schema.org\",\"@graph\":[{\"@type\":\"WebPage\",\"@id\":\"https:\/\/wokamid.pl\/?page_id=854\",\"url\":\"https:\/\/wokamid.pl\/?page_id=854\",\"name\":\"Program Rozwoju Obszar\u00f3w Wiejskich na lata 2014-2020. - Wokamid Sp. z o. o.\",\"isPartOf\":{\"@id\":\"https:\/\/wokamid.pl\/#website\"},\"primaryImageOfPage\":{\"@id\":\"https:\/\/wokamid.pl\/?page_id=854#primaryimage\"},\"image\":{\"@id\":\"https:\/\/wokamid.pl\/?page_id=854#primaryimage\"},\"thumbnailUrl\":\"https:\/\/wokamid.pl\/wp-content\/uploads\/2025\/07\/image.png\",\"datePublished\":\"2025-07-02T11:17:26+00:00\",\"dateModified\":\"2025-07-02T15:16:12+00:00\",\"breadcrumb\":{\"@id\":\"https:\/\/wokamid.pl\/?page_id=854#breadcrumb\"},\"inLanguage\":\"pl-PL\",\"potentialAction\":[{\"@type\":\"ReadAction\",\"target\":[\"https:\/\/wokamid.pl\/?page_id=854\"]}]},{\"@type\":\"ImageObject\",\"inLanguage\":\"pl-PL\",\"@id\":\"https:\/\/wokamid.pl\/?page_id=854#primaryimage\",\"url\":\"https:\/\/wokamid.pl\/wp-content\/uploads\/2025\/07\/image.png\",\"contentUrl\":\"https:\/\/wokamid.pl\/wp-content\/uploads\/2025\/07\/image.png\",\"width\":885,\"height\":216},{\"@type\":\"BreadcrumbList\",\"@id\":\"https:\/\/wokamid.pl\/?page_id=854#breadcrumb\",\"itemListElement\":[{\"@type\":\"ListItem\",\"position\":1,\"name\":\"Home\",\"item\":\"https:\/\/wokamid.pl\/\"},{\"@type\":\"ListItem\",\"position\":2,\"name\":\"Program Rozwoju Obszar\u00f3w Wiejskich na lata 2014-2020.\"}]},{\"@type\":\"WebSite\",\"@id\":\"https:\/\/wokamid.pl\/#website\",\"url\":\"https:\/\/wokamid.pl\/\",\"name\":\"WOKAMID SP. Z O. O.\",\"description\":\"\",\"publisher\":{\"@id\":\"https:\/\/wokamid.pl\/#organization\"},\"potentialAction\":[{\"@type\":\"SearchAction\",\"target\":{\"@type\":\"EntryPoint\",\"urlTemplate\":\"https:\/\/wokamid.pl\/?s={search_term_string}\"},\"query-input\":{\"@type\":\"PropertyValueSpecification\",\"valueRequired\":true,\"valueName\":\"search_term_string\"}}],\"inLanguage\":\"pl-PL\"},{\"@type\":\"Organization\",\"@id\":\"https:\/\/wokamid.pl\/#organization\",\"name\":\"WOKAMID SP. Z O. O.\",\"url\":\"https:\/\/wokamid.pl\/\",\"logo\":{\"@type\":\"ImageObject\",\"inLanguage\":\"pl-PL\",\"@id\":\"https:\/\/wokamid.pl\/#\/schema\/logo\/image\/\",\"url\":\"https:\/\/wokamid.pl\/wp-content\/uploads\/2024\/09\/logo.png\",\"contentUrl\":\"https:\/\/wokamid.pl\/wp-content\/uploads\/2024\/09\/logo.png\",\"width\":233,\"height\":90,\"caption\":\"WOKAMID SP. Z O. O.\"},\"image\":{\"@id\":\"https:\/\/wokamid.pl\/#\/schema\/logo\/image\/\"}}]}<\/script>\n<!-- \/ Yoast SEO plugin. -->","yoast_head_json":{"title":"Program Rozwoju Obszar\u00f3w Wiejskich na lata 2014-2020. - Wokamid Sp. z o. o.","robots":{"index":"index","follow":"follow","max-snippet":"max-snippet:-1","max-image-preview":"max-image-preview:large","max-video-preview":"max-video-preview:-1"},"canonical":"https:\/\/wokamid.pl\/?page_id=854","og_locale":"pl_PL","og_type":"article","og_title":"Program Rozwoju Obszar\u00f3w Wiejskich na lata 2014-2020. - Wokamid Sp. z o. o.","og_description":"Informacje o projekcie: Program Rozwoju Obszar\u00f3w Wiejskich na lata 2014-2020.Operacja typu \u201eGospodarka wodno-\u015bciekowa\u201d.Poddzia\u0142anie: \u201eWsparcie inwestycji zwi\u0105zanych z tworzeniem, ulepszaniem lub rozbudow\u0105 wszystkichrodzaj\u00f3w ma\u0142ej infrastruktury, w tym inwestycji w energi\u0119 odnawialn\u0105 i w oszcz\u0119dzanie energii\u201dCa\u0142kowity koszt projektu: 1 175 880,00 z\u0142 Warto\u015b\u0107 dofinansowania: 813 450,00 z\u0142Cel zam\u00f3wienia\u00a0Celem zam\u00f3wienia jest poprawa dost\u0119pu do infrastruktury wodno-\u015bciekowej\u00a0 oraz wzrost [&hellip;]","og_url":"https:\/\/wokamid.pl\/?page_id=854","og_site_name":"Wokamid Sp. z o. o.","article_modified_time":"2025-07-02T15:16:12+00:00","og_image":[{"width":885,"height":216,"url":"https:\/\/wokamid.pl\/wp-content\/uploads\/2025\/07\/image.png","type":"image\/png"}],"twitter_card":"summary_large_image","twitter_misc":{"Szacowany czas czytania":"2 minuty"},"schema":{"@context":"https:\/\/schema.org","@graph":[{"@type":"WebPage","@id":"https:\/\/wokamid.pl\/?page_id=854","url":"https:\/\/wokamid.pl\/?page_id=854","name":"Program Rozwoju Obszar\u00f3w Wiejskich na lata 2014-2020. - Wokamid Sp. z o. o.","isPartOf":{"@id":"https:\/\/wokamid.pl\/#website"},"primaryImageOfPage":{"@id":"https:\/\/wokamid.pl\/?page_id=854#primaryimage"},"image":{"@id":"https:\/\/wokamid.pl\/?page_id=854#primaryimage"},"thumbnailUrl":"https:\/\/wokamid.pl\/wp-content\/uploads\/2025\/07\/image.png","datePublished":"2025-07-02T11:17:26+00:00","dateModified":"2025-07-02T15:16:12+00:00","breadcrumb":{"@id":"https:\/\/wokamid.pl\/?page_id=854#breadcrumb"},"inLanguage":"pl-PL","potentialAction":[{"@type":"ReadAction","target":["https:\/\/wokamid.pl\/?page_id=854"]}]},{"@type":"ImageObject","inLanguage":"pl-PL","@id":"https:\/\/wokamid.pl\/?page_id=854#primaryimage","url":"https:\/\/wokamid.pl\/wp-content\/uploads\/2025\/07\/image.png","contentUrl":"https:\/\/wokamid.pl\/wp-content\/uploads\/2025\/07\/image.png","width":885,"height":216},{"@type":"BreadcrumbList","@id":"https:\/\/wokamid.pl\/?page_id=854#breadcrumb","itemListElement":[{"@type":"ListItem","position":1,"name":"Home","item":"https:\/\/wokamid.pl\/"},{"@type":"ListItem","position":2,"name":"Program Rozwoju Obszar\u00f3w Wiejskich na lata 2014-2020."}]},{"@type":"WebSite","@id":"https:\/\/wokamid.pl\/#website","url":"https:\/\/wokamid.pl\/","name":"WOKAMID SP. Z O. O.","description":"","publisher":{"@id":"https:\/\/wokamid.pl\/#organization"},"potentialAction":[{"@type":"SearchAction","target":{"@type":"EntryPoint","urlTemplate":"https:\/\/wokamid.pl\/?s={search_term_string}"},"query-input":{"@type":"PropertyValueSpecification","valueRequired":true,"valueName":"search_term_string"}}],"inLanguage":"pl-PL"},{"@type":"Organization","@id":"https:\/\/wokamid.pl\/#organization","name":"WOKAMID SP. Z O. O.","url":"https:\/\/wokamid.pl\/","logo":{"@type":"ImageObject","inLanguage":"pl-PL","@id":"https:\/\/wokamid.pl\/#\/schema\/logo\/image\/","url":"https:\/\/wokamid.pl\/wp-content\/uploads\/2024\/09\/logo.png","contentUrl":"https:\/\/wokamid.pl\/wp-content\/uploads\/2024\/09\/logo.png","width":233,"height":90,"caption":"WOKAMID SP. Z O. O."},"image":{"@id":"https:\/\/wokamid.pl\/#\/schema\/logo\/image\/"}}]}},"_links":{"self":[{"href":"https:\/\/wokamid.pl\/index.php?rest_route=\/wp\/v2\/pages\/854","targetHints":{"allow":["GET"]}}],"collection":[{"href":"https:\/\/wokamid.pl\/index.php?rest_route=\/wp\/v2\/pages"}],"about":[{"href":"https:\/\/wokamid.pl\/index.php?rest_route=\/wp\/v2\/types\/page"}],"author":[{"embeddable":true,"href":"https:\/\/wokamid.pl\/index.php?rest_route=\/wp\/v2\/users\/1"}],"replies":[{"embeddable":true,"href":"https:\/\/wokamid.pl\/index.php?rest_route=%2Fwp%2Fv2%2Fcomments&post=854"}],"version-history":[{"count":3,"href":"https:\/\/wokamid.pl\/index.php?rest_route=\/wp\/v2\/pages\/854\/revisions"}],"predecessor-version":[{"id":864,"href":"https:\/\/wokamid.pl\/index.php?rest_route=\/wp\/v2\/pages\/854\/revisions\/864"}],"wp:attachment":[{"href":"https:\/\/wokamid.pl\/index.php?rest_route=%2Fwp%2Fv2%2Fmedia&parent=854"}],"curies":[{"name":"wp","href":"https:\/\/api.w.org\/{rel}","templated":true}]}}